and 16.
16
What is the greatest common divisor of 1120 and 1760?
160
Calculate the greatest common factor of 55675 and 26775.
425
Calculate the highest common factor of 350 and 21054600.
350
What is the highest common divisor of 17000 and 1800?
200
Calculate the highest common divisor of 1557 and 503084.
173
Calculate the highest common divisor of 1246 and 657265.
623
Calculate the greatest common factor of 56045 and 90.
5
What is the greatest common factor of 115105 and 15?
5
Calculate the highest common divisor of 5426655 and 52.
13
What is the greatest common divisor of 580 and 1334?
58
What is the greatest common factor of 1004 and 524?
4
What is the highest common divisor of 860461 and 581?
581
What is the greatest common divisor of 2668 and 1624?
116
What is the highest common factor of 558273 and 497?
71
What is the highest common divisor of 2345540 and 920?
460
Calculate the highest common factor of 300 and 163710.
30
What is the greatest common factor of 230 and 49289?
23
Calculate the highest common divisor of 46 and 14339971.
23
Calculate the highest common divisor of 83507 and 4859.
113
Calculate the highest common divisor of 26096 and 560.
112
What is the greatest common divisor of 1971530 and 275?
55
What is the highest common divisor of 66 and 332002?
22
Calculate the greatest common divisor of 39 and 523432.
13
What is the highest common divisor of 1357897 and 1978?
989
Calculate the highest common divisor of 14 and 314202.
14
What is the greatest common divisor of 320970 and 90?
30
What is the greatest common factor of 70 and 223540?
10
What is the greatest common divisor of 256480 and 12366?
458
Calculate the highest common factor of 212 and 295846.
106
Calculate the highest common divisor of 3600 and 34830.
90
What is the greatest common divisor of 153 and 7947?
9
What is the greatest common divisor of 459 and 73?
1
What is the highest common factor of 320351 and 436?
109
What is the highest common factor of 1890 and 1970?
10
What is the greatest common factor of 2066093 and 723?
241
Calculate the greatest common factor of 11228 and 7308.
28
What is the highest common factor of 353199 and 2085?
417
What is the greatest common factor of 777 and 16835?
259
Calculate the highest common factor of 25 and 244565.
5
What is the greatest common divisor of 81 and 64179?
27
What is the greatest common factor of 70756 and 8?
4
Calculate the greatest common divisor of 639908 and 12.
4
What is the greatest common factor of 4920 and 268?
4
What is the greatest common factor of 196 and 36309?
49
Calculate the greatest common factor of 1224 and 1235628.
612
Calculate the greatest common factor of 370530 and 358.
358
What is the highest common factor of 21136 and 2704?
16
Calculate the greatest common factor of 980 and 202076.
196
What is the highest common factor of 48 and 248944?
16
Calculate the greatest common divisor of 49 and 1330007.
49
What is the highest common divisor of 432 and 1688688?
432
Calculate the highest common divisor of 5014555 and 455.
455
Calculate the greatest common divisor of 258972 and 84.
84
What is the highest common divisor of 252 and 99099?
63
Calculate the highest common divisor of 558 and 568.
2
Calculate the highest common divisor of 1521 and 387.
9
What is the highest common factor of 4 and 1538?
2
Calculate the highest common divisor of 7 and 49889.
7
What is the highest common factor of 271757 and 133?
19
What is the greatest common divisor of 114 and 4951077?
57
What is the highest common factor of 30 and 1834?
2
Calculate the greatest common factor of 112 and 24164.
28
Calculate the greatest common factor of 319696 and 572.
52
What is the highest common divisor of 834762 and 2116?
1058
What is the highest common factor of 16758 and 122778?
342
What is the highest common divisor of 44 and 1861684?
44
What is the greatest common factor of 27 and 495423?
27
What is the greatest common factor of 42 and 536676?
42
Calculate the greatest common factor of 128 and 405376.
128
What is the greatest common factor of 7711 and 55?
11
Calculate the greatest common factor of 26912 and 128.
32
What is the highest common divisor of 10238 and 6?
2
What is the greatest common factor of 16020 and 2880?
180
Calculate the greatest common factor of 155552 and 128.
32
What is the greatest common divisor of 22 and 301906?
22
Calculate the highest common divisor of 156159 and 81.
9
Calculate the highest common divisor of 826722 and 468.
234
What is the highest common factor of 1848 and 15477?
231
What is the greatest common factor of 1045 and 7220?
95
Calculate the highest common factor of 720927 and 729.
27
Calculate the greatest common factor of 130 and 160280.
10
What is the highest common factor of 7179 and 3?
3
Calculate the greatest common factor of 476 and 143684.
68
Calculate the greatest common factor of 872 and 5042558.
218
Calculate the greatest common factor of 15 and 221365.
5
What is the highest common factor of 208 and 168584?
104
What is the highest common divisor of 3552 and 12876?
444
What is the greatest common factor of 1453700 and 100?
100
Calculate the highest common factor of 90 and 35095.
5
Calculate the greatest common divisor of 10244 and 208.
52
Calculate the highest common divisor of 1469 and 3051.
113
What is the highest common factor of 24 and 14757?
3
What is the highest common factor of 63120 and 480?
240
What is the greatest common factor of 44 and 599962?
22
Calculate the highest common divisor of 25228 and 265.
53
Calculate the highest common divisor of 4144 and 594368.
592
What is the highest common divisor of 25166 and 2?
2
What is the highest common factor of 955968 and 7488?
2496
Calculate the highest common factor of 21027 and 15867.
129
What is the greatest common factor of 555 and 28083?
111
What is the greatest common divisor of 7065623 and 46?
23
What is the highest common factor of 3190676 and 772?
772
Calculate the highest common divisor of 19348 and 14.
14
Calculate the greatest common divisor of 27117 and 71001.
207
What is the highest common divisor of 1252 and 352?
4
Calculate the greatest common factor of 3726 and 342.
18
What is the highest common divisor of 585 and 20800?
65
What is the greatest common factor of 49097 and 174?
29
Calculate the greatest common factor of 36 and 653751.
9
What is the greatest common factor of 2228125 and 1426?
713
What is the greatest common factor of 2682 and 630?
18
What is the highest common divisor of 39 and 257101?
13
What is the highest common divisor of 37 and 185888?
37
What is the highest common factor of 678596 and 16?
4
What is the highest common factor of 18462 and 34?
34
Calculate the greatest common divisor of 290 and 449750.
10
What is the greatest common factor of 32 and 119512?
8
Calculate the highest common factor of 98 and 295470.
98
What is the greatest common divisor of 71058 and 78?
78
Calculate the highest common factor of 72197 and 73.
73
What is the highest common factor of 68 and 4296?
4
Calculate the highest common factor of 463 and 771821.
463
What is the greatest common divisor of 48 and 129?
3
Calculate the greatest common divisor of 40416 and 18.
6
Calculate the highest common factor of 142568 and 213.
71
Calculate the greatest common divisor of 4662 and 3150.
126
Calculate the highest common factor of 162697 and 38.
19
What is the greatest common divisor of 3114 and 49305?
519
Calculate the highest common factor of 3 and 20523.
3
Calculate the highest common factor of 104249 and 244.
61
Calculate the highest common factor of 38 and 3274.
2
What is the highest common factor of 1067 and 4587?
11
Calculate the highest common factor of 68 and 344.
4
Calculate the greatest common factor of 101 and 73427.
101
What is the greatest common divisor of 55564 and 174?
58
What is the greatest common divisor of 992 and 1312?
32
Calculate the highest common factor of 6706 and 276862.
958
What is the greatest common factor of 66 and 153274?
22
Calculate the highest common divisor of 11178 and 2340.
18
Calculate the greatest common divisor of 2708172 and 36.
36
What is the greatest common factor of 48132 and 357?
21
Calculate the greatest common factor of 254523 and 888.
111
Calculate the greatest common factor of 4511 and 105